 35*o**3 - 240*o**2 - 52*o + 8. What is m(7)?
-111
Let k(n) = -n**3 + 86*n**2 + 2*n + 1343. Calculate k(86).
1515
Let u(j) = -1704*j**2 + 1068421*j - 8157. Determine u(627).
-6
Let g(f) = -4*f**3 - 138*f**2 + 92*f + 407. Determine g(-35).
-363
Let j(k) = 3*k**2 + 186*k + 124. What is j(-58)?
-572
Let g(z) = 2*z**3 + 672*z**2 - 2694*z - 112. Determine g(4).
-8
Let x(z) = -1633*z + 187793. Give x(115).
-2
Let b(n) = n**3 + 1296*n**2 + 11583*n + 6. Determine b(-9).
6
Let i(a) = -485*a + 25257. Determine i(52).
37
Let m(b) = 1870*b + 213. Calculate m(-1).
-1657
Let t(h) = 3847*h - 26912. Determine t(7).
17
Let k(x) = -x**3 - 304*x**2 - 766*x + 130167. Give k(-300).
-33
Let x(y) = 75*y**2 - 602*y + 1203. Calculate x(4).
-5
Let o(v) = -v**3 - 394*v**2 - 6770*v - 674. What is o(-376)?
78
Let x(i) = -i**3 + 16*i**2 - 1440*i + 16715. Determine x(12).
11
Let i(g) = 319*g**2 + 164*g + 20. Calculate i(-1).
175
Let j(s) = 284277*s + 568628. Give j(-2).
74
Let m(k) = -k**3 - 163*k**2 - 317*k + 230. Determine m(-161).
-575
Let y(p) = 321*p**3 - 23*p**2 + 1563*p + 1584. What is y(-1)?
-323
Let d(z) = 14*z**2 + 1138*z + 3352. Give d(-3).
64
Let o(d) = 20889*d + 689335. Determine o(-33).
-2
Let s(y) = 5*y**2 + 61*y + 215. Determine s(-11).
149
Let z(t) = -t**2 - 268*t - 16831. Give z(-97).
-244
Let j(s) = -2*s**3 - 8*s**2 + 3157*s + 12619. What is j(-4)?
-9
Let a(j) = 127*j + 8189. What is a(-75)?
-1336
Let z(i) = 4*i**3 - 8*i**2 + 17*i - 10. Give z(1).
3
Let a(o) = o**3 + 1196*o - 19. What is a(0)?
-19
Let k(n) = -n**3 - 11*n**2 + 89*n - 22. Calculate k(-15).
-457
Let s(c) = c**3 - 10*c**2 - 90*c + 1407. Calculate s(11).
538
Let n(b) = -7*b**3 - 7*b**2 - 637*b + 2673. What is n(4)?
-435
Let m(g) = -1138*g - 966158. Give m(-849).
4
Let o(y) = -35*y**2 - 253941*y - 507880. Give o(-2).
-138
Let n(o) = -1601*o**2 + 7981*o + 206. What is n(5)?
86
Let b(x) = 190656*x + 571952. What is b(-3)?
-16
Let l(p) = 448*p - 28686. Give l(63).
-462
Let j(r) = r**2 + 10*r - 478. What is j(-27)?
-19
Let y(g) = 1007644*g + 8061153. Determine y(-8).
1
Let v(u) = -3*u**3 - 71*u**2 - 59*u - 238. Give v(-21).
-2527
Let s(l) = -1692*l + 20247. Determine s(12).
-57
Let w(d) = -20*d**2 + 308*d - 925. What is w(4)?
-13
Let y(b) = -172*b + 2817. What is y(13)?
581
Let y(f) = 12*f**2 + 39*f - 327. Determine y(6).
339
Let a(d) = 10*d**3 + 279*d**2 - 958*d - 26208. Determine a(-28).
-168
Let c(j) = 2*j**3 + 56*j**2 + 154*j - 716. What is c(-17)?
3024
Let k(q) = 30*q**2 + 2325*q - 57. What is k(-78)?
1113
Let w(s) = 2*s**3 - 9*s**2 - 86*s - 66. What is w(9)?
-111
Let z(x) = 2*x**2 + 1245*x + 165548. Calculate z(-430).
-2
Let v(m) = m**3 + 72*m**2 + 457*m + 269. Determine v(-65).
139
Let d(b) = 664*b - 458174. Give d(690).
-14
Let b(a) = 2*a**3 - 399*a**2 - 146*a - 14452. What is b(200)?
-3652
Let q(y) = y**2 + 4816*y - 228573. Calculate q(47).
-12
Let w(m) = 2049*m + 77418. What is w(-38)?
-444
Let i(g) = -1874*g - 54269. Determine i(-29).
77
Let g(y) = y**3 - 30*y**2 - 862*y - 637. Give g(48).
-541
Let h(n) = 186*n - 39130. Determine h(211).
116
Let k(o) = 119*o + 3422. Calculate k(-21).
923
Let z(j) = 224*j**2 - 72*j + 69. Give z(1).
221
Let j(c) = c**2 - 1063*c + 36497. Determine j(36).
-475
Let d(b) = -73*b**2 + 205*b + 271. Determine d(-1).
-7
Let o(t) = -4*t**3 + 360*t**2 - 675*t - 74. What is o(2)?
-16
Let z(v) = 6*v**3 - 7982*v**2 + 2678*v - 23942. Calculate z(1330).
-2
Let z(k) = -3*k**3 - 32*k**2 - 124*k - 804. What is z(-12)?
1260
Let k(u) = -5*u**2 - 707*u - 11623. Calculate k(-19).
5
Let p(z) = -z**3 + 39*z**2 + 56*z + 1064. Calculate p(41).
-2
Let a(c) = c**2 + 4548*c - 109742. Give a(24).
-14
Let c(v) = 5026*v + 7699834. What is c(-1532)?
2
Let b(p) = 37*p**2 - 249*p + 65. What is b(7)?
135
Let f(b) = -6519*b + 52223. What is f(8)?
71
Let d(u) = 240169*u + 480300. Determine d(-2).
-38
Let z(d) = -10*d**2 + 334*d - 692. Calculate z(31).
52
Let r(u) = 218*u - 14915. What is r(85)?
3615
Let p(o) = o**3 + 28*o**2 - 690*o + 685. What is p(15)?
10
Let z(x) = -1187*x**2 - 30862*x - 8. What is z(-26)?
-8
Let f(z) = z**3 + 12*z**2 + 2860*z + 34323. What is f(-12)?
3
Let a(f) = -633591*f - 19007731. Determine a(-30).
-1
Let b(f) = -145492*f - 582140. Determine b(-4).
-172
Let w(g) = -g**3 + g**2 + 48*g - 161. What is w(4)?
-17
Let s(c) = c**3 - 105*c**2 + 1034*c - 197. Give s(94).
-197
Let w(b) = -b**2 + 46431*b + 43611194. Determine w(-921).
2
Let s(p) = 73171*p + 439402. Calculate s(-6).
376
Let v(o) = 1210*o - 36281. What is v(30)?
19
Let v(u) = -10486*u + 52495. Calculate v(5).
65
Let x(n) = -2*n**3 + 16*n**2 + 770*n - 4001. Calculate x(5).
-1
Let u(x) = -323*x - 5548. Determine u(-20).
912
Let a(h) = -h**3 + 92*h**2 + 177*h + 1028. What is a(94)?
-6
Let u(f) = -8*f**2 + 9024*f + 221241. Determine u(-24).
57
Let i(p) = 834*p - 7137. What is i(9)?
369
Let z(w) = -w**3 + 7*w**2 + 174*w + 311. Give z(-9).
41
Let h(v) = -120*v - 236. Give h(10).
-1436
Let s(k) = k**3 + 30*k**2 - 714*k - 18755. Give s(-27).
2710
Let g(o) = -111*o - 9541. Give g(-87).
116
Let i(t) = 2*t**3 + 7*t**2 - 30*t - 19. Determine i(-3).
80
Let w(b) = b**3 + 22*b**2 - 214*b - 5127. Give w(-19).
22
Let w(k) = -1608*k - 196724. Determine w(-122).
-548
Let i(x) = -2*x**3 - 257*x**2 - 15*x - 6. What is i(0)?
-6
Let l(k) = 1175*k + 3550. Determine l(-3).
25
Let n(d) = -2*d**2 - 107*d + 3639. Determine n(27).
-708
Let g(l) = -l**2 - 81*l - 1367. Give g(-57).
1
Let v(q) = -948*q + 21586. What is v(19)?
3574
Let i(d) = -14725*d - 88321. What is i(-6)?
29
Let i(v) = 841*v - 139807. What is i(166)?
-201
Let l(v) = 1885*v - 79162. What is l(42)?
8
Let w(s) = -2*s**3 + 112*s**2 - 1086*s + 60767. What is w(56)?
-49
Let n(t) = -574*t - 422. Give n(2).
-1570
Let y(c) = 31*c - 223. Calculate y(-2).
-285
Let j(f) = f**3 - 187*f**2 - 3723*f - 699. Determine j(-18).
-105
Let j(f) = -f**3 - 455*f**2 - 51728*f - 556. Calculate j(-222).
-112
Let z(m) = 4*m**3 + 142*m**2 + 694*m + 431. What is z(-5)?
11
Let k(i) = -3684*i - 58681. Calculate k(-16).
263
Let t(r) = -3508976*r - 9. Give t(0).
-9
Let o(v) = -22*v - 1092. Determine o(-34).
-344
Let a(u) = u**3 - 29*u**2 - 1260*u + 281. Determine a(-24).
-7
Let q(z) = -3*z**3 + 25*z**2 - 17*z - 85. Calculate q(7).
-8
Let y(i) = -86883*i + 14. Calculate y(0).
14
Let n(g) = -307*g + 664. What is n(2)?
50
Let t(y) = 30*y**2 + 2101*y + 315. What is t(-70)?
245
Let j(d) = d**2 - 114*d + 1390. Determine j(27).
-959
Let k(c) = -685*c**2 + 557*c - 1079. Determine k(2).
-2705
Let f(o) = -7*o**2 - 5645*o - 5644. What is f(-1)?
-6
Let m(b) = b**2 - 13196*b + 3388717. Determine m(262).
9
Let f(a) = a**3 + 11*a**2 - 12*a - 46. Give f(-9).
224
Let h(c) = 270*c + 20280. Calculate h(-75).
30
Let b(w) = w**2 + 158*w + 4192. Determine b(-108).
-1208
Let u(i) = -i**3 - 46*i**2 + 205*i + 5167. Give u(-48).
-65
Let f(r) = -r**2 - 1542*r + 748723. Give f(388).
-117
Let w(g) = g**3 - 114*g**2 - 2383*g + 235. Calculate w(132).
-689
Let u(a) = -567*a - 3491. Determine u(-7).
478
Let i(d) = -d**2 + 75*d - 246. Determine i(46).
1088
Let h(j) = -2192*j + 304709. Give h(139).
21
Let n(c) = 2*c**3 + 20*c**2 - 1597*c - 3262. Determine n(-2).
-4
Let z(q) = -2*q**3 - 1688*q**2 - 11710*q + 50. Give z(-7).
-6
Let x(q) = q**2 - 69*q + 1678. Determine x(49).
698
Let h(w) = -2*w**3 + 19*w**2 - 16*w + 31. Determine h(12).
-881
Let p(j) = 798*j - 821. Give p(1).
-23
Let o(n) = -32*n**2 - 269*n + 1555. Determine o(4).
-33
Let p(a) = -12271*a + 85907. Give p(7).
10
Let h(q) = 2*q**2 + 355*q + 2200. Determine h(-169).
-673
Let b(r) = -12678*r - 38219. Determine b(-3).
-185
Let d(b) = 2055*b**2 + 20556*b + 61. Give d(-10).
1
Let t(u) = -u**3 + 122*u**2 - 683*u - 14013. Calculate t(115).
17
Let q(u) = -176*u + 59. Determine q(2).
-293
Let h(t) = 567*t**2 - 10191*t - 265. Determine h(18).
5
Let f(g) = 1376*g + 8467. Give f(-6).
211
Let d(r) = -4*r**3 + 26*r**2 + 148*r + 2. What is d(-5)?
412
Let y(l) = -l**3 + 48*l**2 + 80*l + 974. Give y(50).
-26
Let c(y) = -4*y**2 + 45*y + 1217. What is c(29)?
-842
Let t(x) = 8*x**2 + 832*x + 720. Determine t(-105).
1560
Let t(v) = 2*v**3 - 178*v**2 - 1137*v - 210. Determine t(95).
75
Let n(o) = -3535378*o + 14141522. What is n(4)?
10
Let i(f) = -412*f**2 + 4451*f + 4449. Give i(-1).
-414
Let z(m) =